{"id":21784,"date":"2025-04-12T16:35:57","date_gmt":"2025-04-12T20:35:57","guid":{"rendered":"https:\/\/hebdo24.com\/wp-content\/uploads\/2025\/04\/La-ministre-Kathia-Verdier-declaree-persona-non-grata-aux-Journees-Internationales-de-la-Diaspora-Haitienne-de-Montreal.JPEG"},"modified":"2025-04-12T16:35:57","modified_gmt":"2025-04-12T20:35:57","slug":"la-ministre-kathia-verdier-declaree-persona-non-grata-aux-journees-internationales-de-la-diaspora-haitienne-de-montreal-3","status":"inherit","type":"attachment","link":"https:\/\/hebdo24.com\/es\/la-ministre-kathia-verdier-declaree-persona-non-grata-aux-journees-internationales-de-la-diaspora-haitienne-de-montreal-3\/","title":{"rendered":"La ministre Kathia Verdier d\u00e9clar\u00e9e persona non grata aux Journ\u00e9es Internationales de la Diaspora Ha\u00eftienne de Montr\u00e9al"},"author":31,"featured_media":0,"comment_status":"open","ping_status":"closed","template":"","meta":[],"class_list":["post-21784","attachment","type-attachment","status-inherit"],"description":{"rendered":"<p class=\"attachment\"><a href='https:\/\/hebdo24.com\/wp-content\/uploads\/2025\/04\/La-ministre-Kathia-Verdier-declaree-persona-non-grata-aux-Journees-Internationales-de-la-Diaspora-Haitienne-de-Montreal.JPEG'><img loading=\"lazy\" decoding=\"async\" width=\"300\" height=\"200\" src=\"https:\/\/hebdo24.com\/wp-content\/uploads\/2025\/04\/La-ministre-Kathia-Verdier-declaree-persona-non-grata-aux-Journees-Internationales-de-la-Diaspora-Haitienne-de-Montreal-300x200.jpeg\" class=\"attachment-medium size-medium\" alt=\"\" srcset=\"https:\/\/hebdo24.com\/wp-content\/uploads\/2025\/04\/La-ministre-Kathia-Verdier-declaree-persona-non-grata-aux-Journees-Internationales-de-la-Diaspora-Haitienne-de-Montreal-300x200.jpeg 300w, https:\/\/hebdo24.com\/wp-content\/uploads\/2025\/04\/La-ministre-Kathia-Verdier-declaree-persona-non-grata-aux-Journees-Internationales-de-la-Diaspora-Haitienne-de-Montreal-768x511.jpeg 768w, https:\/\/hebdo24.com\/wp-content\/uploads\/2025\/04\/La-ministre-Kathia-Verdier-declaree-persona-non-grata-aux-Journees-Internationales-de-la-Diaspora-Haitienne-de-Montreal-750x500.jpeg 750w, https:\/\/hebdo24.com\/wp-content\/uploads\/2025\/04\/La-ministre-Kathia-Verdier-declaree-persona-non-grata-aux-Journees-Internationales-de-la-Diaspora-Haitienne-de-Montreal.JPEG 1000w\" sizes=\"auto, (max-width: 300px) 100vw, 300px\" \/><\/a><\/p>\n<p>#image_title<\/p>\n"},"caption":{"rendered":"<p>#image_title<\/p>\n"},"alt_text":"","media_type":"image","mime_type":"image\/jpeg","media_details":{"width":1000,"height":666,"file":"2025\/04\/La-ministre-Kathia-Verdier-declaree-persona-non-grata-aux-Journees-Internationales-de-la-Diaspora-Haitienne-de-Montreal.JPEG","filesize":113006,"sizes":{"medium":{"file":"La-ministre-Kathia-Verdier-declaree-persona-non-grata-aux-Journees-Internationales-de-la-Diaspora-Haitienne-de-Montreal-300x200.jpeg","width":300,"height":200,"filesize":12257,"mime_type":"image\/jpeg","source_url":"https:\/\/hebdo24.com\/wp-content\/uploads\/2025\/04\/La-ministre-Kathia-Verdier-declaree-persona-non-grata-aux-Journees-Internationales-de-la-Diaspora-Haitienne-de-Montreal-300x200.jpeg"},"thumbnail":{"file":"La-ministre-Kathia-Verdier-declaree-persona-non-grata-aux-Journees-Internationales-de-la-Diaspora-Haitienne-de-Montreal-150x150.jpeg","width":150,"height":150,"filesize":7402,"mime_type":"image\/jpeg","source_url":"https:\/\/hebdo24.com\/wp-content\/uploads\/2025\/04\/La-ministre-Kathia-Verdier-declaree-persona-non-grata-aux-Journees-Internationales-de-la-Diaspora-Haitienne-de-Montreal-150x150.jpeg"},"medium_large":{"file":"La-ministre-Kathia-Verdier-declaree-persona-non-grata-aux-Journees-Internationales-de-la-Diaspora-Haitienne-de-Montreal-768x511.jpeg","width":768,"height":511,"filesize":46196,"mime_type":"image\/jpeg","source_url":"https:\/\/hebdo24.com\/wp-content\/uploads\/2025\/04\/La-ministre-Kathia-Verdier-declaree-persona-non-grata-aux-Journees-Internationales-de-la-Diaspora-Haitienne-de-Montreal-768x511.jpeg"},"jnews-360x180":{"file":"La-ministre-Kathia-Verdier-declaree-persona-non-grata-aux-Journees-Internationales-de-la-Diaspora-Haitienne-de-Montreal-360x180.jpeg","width":360,"height":180,"filesize":11984,"mime_type":"image\/jpeg","source_url":"https:\/\/hebdo24.com\/wp-content\/uploads\/2025\/04\/La-ministre-Kathia-Verdier-declaree-persona-non-grata-aux-Journees-Internationales-de-la-Diaspora-Haitienne-de-Montreal-360x180.jpeg"},"jnews-750x375":{"file":"La-ministre-Kathia-Verdier-declaree-persona-non-grata-aux-Journees-Internationales-de-la-Diaspora-Haitienne-de-Montreal-750x375.jpeg","width":750,"height":375,"filesize":33183,"mime_type":"image\/jpeg","source_url":"https:\/\/hebdo24.com\/wp-content\/uploads\/2025\/04\/La-ministre-Kathia-Verdier-declaree-persona-non-grata-aux-Journees-Internationales-de-la-Diaspora-Haitienne-de-Montreal-750x375.jpeg"},"jnews-1140x570":{"file":"La-ministre-Kathia-Verdier-declaree-persona-non-grata-aux-Journees-Internationales-de-la-Diaspora-Haitienne-de-Montreal-1000x570.jpeg","width":1000,"height":570,"filesize":64559,"mime_type":"image\/jpeg","source_url":"https:\/\/hebdo24.com\/wp-content\/uploads\/2025\/04\/La-ministre-Kathia-Verdier-declaree-persona-non-grata-aux-Journees-Internationales-de-la-Diaspora-Haitienne-de-Montreal-1000x570.jpeg"},"jnews-120x86":{"file":"La-ministre-Kathia-Verdier-declaree-persona-non-grata-aux-Journees-Internationales-de-la-Diaspora-Haitienne-de-Montreal-120x86.jpeg","width":120,"height":86,"filesize":4295,"mime_type":"image\/jpeg","source_url":"https:\/\/hebdo24.com\/wp-content\/uploads\/2025\/04\/La-ministre-Kathia-Verdier-declaree-persona-non-grata-aux-Journees-Internationales-de-la-Diaspora-Haitienne-de-Montreal-120x86.jpeg"},"jnews-350x250":{"file":"La-ministre-Kathia-Verdier-declaree-persona-non-grata-aux-Journees-Internationales-de-la-Diaspora-Haitienne-de-Montreal-350x250.jpeg","width":350,"height":250,"filesize":16082,"mime_type":"image\/jpeg","source_url":"https:\/\/hebdo24.com\/wp-content\/uploads\/2025\/04\/La-ministre-Kathia-Verdier-declaree-persona-non-grata-aux-Journees-Internationales-de-la-Diaspora-Haitienne-de-Montreal-350x250.jpeg"},"jnews-750x536":{"file":"La-ministre-Kathia-Verdier-declaree-persona-non-grata-aux-Journees-Internationales-de-la-Diaspora-Haitienne-de-Montreal-750x536.jpeg","width":750,"height":536,"filesize":47392,"mime_type":"image\/jpeg","source_url":"https:\/\/hebdo24.com\/wp-content\/uploads\/2025\/04\/La-ministre-Kathia-Verdier-declaree-persona-non-grata-aux-Journees-Internationales-de-la-Diaspora-Haitienne-de-Montreal-750x536.jpeg"},"jnews-360x504":{"file":"La-ministre-Kathia-Verdier-declaree-persona-non-grata-aux-Journees-Internationales-de-la-Diaspora-Haitienne-de-Montreal-360x504.jpeg","width":360,"height":504,"filesize":31335,"mime_type":"image\/jpeg","source_url":"https:\/\/hebdo24.com\/wp-content\/uploads\/2025\/04\/La-ministre-Kathia-Verdier-declaree-persona-non-grata-aux-Journees-Internationales-de-la-Diaspora-Haitienne-de-Montreal-360x504.jpeg"},"jnews-75x75":{"file":"La-ministre-Kathia-Verdier-declaree-persona-non-grata-aux-Journees-Internationales-de-la-Diaspora-Haitienne-de-Montreal-75x75.jpeg","width":75,"height":75,"filesize":3550,"mime_type":"image\/jpeg","source_url":"https:\/\/hebdo24.com\/wp-content\/uploads\/2025\/04\/La-ministre-Kathia-Verdier-declaree-persona-non-grata-aux-Journees-Internationales-de-la-Diaspora-Haitienne-de-Montreal-75x75.jpeg"},"jnews-350x350":{"file":"La-ministre-Kathia-Verdier-declaree-persona-non-grata-aux-Journees-Internationales-de-la-Diaspora-Haitienne-de-Montreal-350x350.jpeg","width":350,"height":350,"filesize":22485,"mime_type":"image\/jpeg","source_url":"https:\/\/hebdo24.com\/wp-content\/uploads\/2025\/04\/La-ministre-Kathia-Verdier-declaree-persona-non-grata-aux-Journees-Internationales-de-la-Diaspora-Haitienne-de-Montreal-350x350.jpeg"},"jnews-featured-750":{"file":"La-ministre-Kathia-Verdier-declaree-persona-non-grata-aux-Journees-Internationales-de-la-Diaspora-Haitienne-de-Montreal-750x500.jpeg","width":750,"height":500,"filesize":44879,"mime_type":"image\/jpeg","source_url":"https:\/\/hebdo24.com\/wp-content\/uploads\/2025\/04\/La-ministre-Kathia-Verdier-declaree-persona-non-grata-aux-Journees-Internationales-de-la-Diaspora-Haitienne-de-Montreal-750x500.jpeg"},"full":{"file":"La-ministre-Kathia-Verdier-declaree-persona-non-grata-aux-Journees-Internationales-de-la-Diaspora-Haitienne-de-Montreal.JPEG","width":1000,"height":666,"mime_type":"image\/jpeg","source_url":"https:\/\/hebdo24.com\/wp-content\/uploads\/2025\/04\/La-ministre-Kathia-Verdier-declaree-persona-non-grata-aux-Journees-Internationales-de-la-Diaspora-Haitienne-de-Montreal.JPEG"}},"image_meta":{"aperture":"0","credit":"phanordcbae","camera":"","caption":"","created_timestamp":"1744475702","copyright":"","focal_length":"0","iso":"0","shutter_speed":"0","title":"","orientation":"1","keywords":[]}},"post":null,"source_url":"https:\/\/hebdo24.com\/wp-content\/uploads\/2025\/04\/La-ministre-Kathia-Verdier-declaree-persona-non-grata-aux-Journees-Internationales-de-la-Diaspora-Haitienne-de-Montreal.JPEG","_links":{"self":[{"href":"https:\/\/hebdo24.com\/es\/wp-json\/wp\/v2\/media\/21784","targetHints":{"allow":["GET"]}}],"collection":[{"href":"https:\/\/hebdo24.com\/es\/wp-json\/wp\/v2\/media"}],"about":[{"href":"https:\/\/hebdo24.com\/es\/wp-json\/wp\/v2\/types\/attachment"}],"author":[{"embeddable":true,"href":"https:\/\/hebdo24.com\/es\/wp-json\/wp\/v2\/users\/31"}],"replies":[{"embeddable":true,"href":"https:\/\/hebdo24.com\/es\/wp-json\/wp\/v2\/comments?post=21784"}]}}

La ministre Kathia Verdier déclarée persona non grata aux Journées Internationales de la Diaspora Haïtienne de Montréal
