{"id":21774,"date":"2025-04-11T11:13:45","date_gmt":"2025-04-11T15:13:45","guid":{"rendered":"https:\/\/hebdo24.com\/wp-content\/uploads\/2025\/04\/Alix-Didier-Fils-Aime-en-larmes-pour-la-Republique-dominicaine-mais-incapable-de-reconnaitre-la-gravite-de-la-situation-nationale.JPEG"},"modified":"2025-04-11T11:13:45","modified_gmt":"2025-04-11T15:13:45","slug":"alix-didier-fils-aime-en-larmes-pour-la-republique-dominicaine-mais-incapable-de-reconnaitre-la-gravite-de-la-situation-nationale-3","status":"inherit","type":"attachment","link":"https:\/\/hebdo24.com\/es\/alix-didier-fils-aime-en-larmes-pour-la-republique-dominicaine-mais-incapable-de-reconnaitre-la-gravite-de-la-situation-nationale-3\/","title":{"rendered":"Alix Didier Fils Aime en larmes pour la R\u00e9publique dominicaine mais incapable de reconna\u00eetre la gravit\u00e9 de la situation nationale"},"author":31,"featured_media":0,"comment_status":"open","ping_status":"closed","template":"","meta":[],"class_list":["post-21774","attachment","type-attachment","status-inherit"],"description":{"rendered":"<p class=\"attachment\"><a href='https:\/\/hebdo24.com\/wp-content\/uploads\/2025\/04\/Alix-Didier-Fils-Aime-en-larmes-pour-la-Republique-dominicaine-mais-incapable-de-reconnaitre-la-gravite-de-la-situation-nationale.JPEG'><img loading=\"lazy\" decoding=\"async\" width=\"300\" height=\"200\" src=\"https:\/\/hebdo24.com\/wp-content\/uploads\/2025\/04\/Alix-Didier-Fils-Aime-en-larmes-pour-la-Republique-dominicaine-mais-incapable-de-reconnaitre-la-gravite-de-la-situation-nationale-300x200.jpeg\" class=\"attachment-medium size-medium\" alt=\"\" srcset=\"https:\/\/hebdo24.com\/wp-content\/uploads\/2025\/04\/Alix-Didier-Fils-Aime-en-larmes-pour-la-Republique-dominicaine-mais-incapable-de-reconnaitre-la-gravite-de-la-situation-nationale-300x200.jpeg 300w, https:\/\/hebdo24.com\/wp-content\/uploads\/2025\/04\/Alix-Didier-Fils-Aime-en-larmes-pour-la-Republique-dominicaine-mais-incapable-de-reconnaitre-la-gravite-de-la-situation-nationale-768x511.jpeg 768w, https:\/\/hebdo24.com\/wp-content\/uploads\/2025\/04\/Alix-Didier-Fils-Aime-en-larmes-pour-la-Republique-dominicaine-mais-incapable-de-reconnaitre-la-gravite-de-la-situation-nationale-750x500.jpeg 750w, https:\/\/hebdo24.com\/wp-content\/uploads\/2025\/04\/Alix-Didier-Fils-Aime-en-larmes-pour-la-Republique-dominicaine-mais-incapable-de-reconnaitre-la-gravite-de-la-situation-nationale.JPEG 1000w\" sizes=\"auto, (max-width: 300px) 100vw, 300px\" \/><\/a><\/p>\n<p>#image_title<\/p>\n"},"caption":{"rendered":"<p>#image_title<\/p>\n"},"alt_text":"","media_type":"image","mime_type":"image\/jpeg","media_details":{"width":1000,"height":666,"file":"2025\/04\/Alix-Didier-Fils-Aime-en-larmes-pour-la-Republique-dominicaine-mais-incapable-de-reconnaitre-la-gravite-de-la-situation-nationale.JPEG","filesize":94577,"sizes":{"medium":{"file":"Alix-Didier-Fils-Aime-en-larmes-pour-la-Republique-dominicaine-mais-incapable-de-reconnaitre-la-gravite-de-la-situation-nationale-300x200.jpeg","width":300,"height":200,"filesize":10976,"mime_type":"image\/jpeg","source_url":"https:\/\/hebdo24.com\/wp-content\/uploads\/2025\/04\/Alix-Didier-Fils-Aime-en-larmes-pour-la-Republique-dominicaine-mais-incapable-de-reconnaitre-la-gravite-de-la-situation-nationale-300x200.jpeg"},"thumbnail":{"file":"Alix-Didier-Fils-Aime-en-larmes-pour-la-Republique-dominicaine-mais-incapable-de-reconnaitre-la-gravite-de-la-situation-nationale-150x150.jpeg","width":150,"height":150,"filesize":6041,"mime_type":"image\/jpeg","source_url":"https:\/\/hebdo24.com\/wp-content\/uploads\/2025\/04\/Alix-Didier-Fils-Aime-en-larmes-pour-la-Republique-dominicaine-mais-incapable-de-reconnaitre-la-gravite-de-la-situation-nationale-150x150.jpeg"},"medium_large":{"file":"Alix-Didier-Fils-Aime-en-larmes-pour-la-Republique-dominicaine-mais-incapable-de-reconnaitre-la-gravite-de-la-situation-nationale-768x511.jpeg","width":768,"height":511,"filesize":40793,"mime_type":"image\/jpeg","source_url":"https:\/\/hebdo24.com\/wp-content\/uploads\/2025\/04\/Alix-Didier-Fils-Aime-en-larmes-pour-la-Republique-dominicaine-mais-incapable-de-reconnaitre-la-gravite-de-la-situation-nationale-768x511.jpeg"},"jnews-360x180":{"file":"Alix-Didier-Fils-Aime-en-larmes-pour-la-Republique-dominicaine-mais-incapable-de-reconnaitre-la-gravite-de-la-situation-nationale-360x180.jpeg","width":360,"height":180,"filesize":10952,"mime_type":"image\/jpeg","source_url":"https:\/\/hebdo24.com\/wp-content\/uploads\/2025\/04\/Alix-Didier-Fils-Aime-en-larmes-pour-la-Republique-dominicaine-mais-incapable-de-reconnaitre-la-gravite-de-la-situation-nationale-360x180.jpeg"},"jnews-750x375":{"file":"Alix-Didier-Fils-Aime-en-larmes-pour-la-Republique-dominicaine-mais-incapable-de-reconnaitre-la-gravite-de-la-situation-nationale-750x375.jpeg","width":750,"height":375,"filesize":29544,"mime_type":"image\/jpeg","source_url":"https:\/\/hebdo24.com\/wp-content\/uploads\/2025\/04\/Alix-Didier-Fils-Aime-en-larmes-pour-la-Republique-dominicaine-mais-incapable-de-reconnaitre-la-gravite-de-la-situation-nationale-750x375.jpeg"},"jnews-1140x570":{"file":"Alix-Didier-Fils-Aime-en-larmes-pour-la-Republique-dominicaine-mais-incapable-de-reconnaitre-la-gravite-de-la-situation-nationale-1000x570.jpeg","width":1000,"height":570,"filesize":54385,"mime_type":"image\/jpeg","source_url":"https:\/\/hebdo24.com\/wp-content\/uploads\/2025\/04\/Alix-Didier-Fils-Aime-en-larmes-pour-la-Republique-dominicaine-mais-incapable-de-reconnaitre-la-gravite-de-la-situation-nationale-1000x570.jpeg"},"jnews-120x86":{"file":"Alix-Didier-Fils-Aime-en-larmes-pour-la-Republique-dominicaine-mais-incapable-de-reconnaitre-la-gravite-de-la-situation-nationale-120x86.jpeg","width":120,"height":86,"filesize":3881,"mime_type":"image\/jpeg","source_url":"https:\/\/hebdo24.com\/wp-content\/uploads\/2025\/04\/Alix-Didier-Fils-Aime-en-larmes-pour-la-Republique-dominicaine-mais-incapable-de-reconnaitre-la-gravite-de-la-situation-nationale-120x86.jpeg"},"jnews-350x250":{"file":"Alix-Didier-Fils-Aime-en-larmes-pour-la-Republique-dominicaine-mais-incapable-de-reconnaitre-la-gravite-de-la-situation-nationale-350x250.jpeg","width":350,"height":250,"filesize":14359,"mime_type":"image\/jpeg","source_url":"https:\/\/hebdo24.com\/wp-content\/uploads\/2025\/04\/Alix-Didier-Fils-Aime-en-larmes-pour-la-Republique-dominicaine-mais-incapable-de-reconnaitre-la-gravite-de-la-situation-nationale-350x250.jpeg"},"jnews-750x536":{"file":"Alix-Didier-Fils-Aime-en-larmes-pour-la-Republique-dominicaine-mais-incapable-de-reconnaitre-la-gravite-de-la-situation-nationale-750x536.jpeg","width":750,"height":536,"filesize":41174,"mime_type":"image\/jpeg","source_url":"https:\/\/hebdo24.com\/wp-content\/uploads\/2025\/04\/Alix-Didier-Fils-Aime-en-larmes-pour-la-Republique-dominicaine-mais-incapable-de-reconnaitre-la-gravite-de-la-situation-nationale-750x536.jpeg"},"jnews-360x504":{"file":"Alix-Didier-Fils-Aime-en-larmes-pour-la-Republique-dominicaine-mais-incapable-de-reconnaitre-la-gravite-de-la-situation-nationale-360x504.jpeg","width":360,"height":504,"filesize":26852,"mime_type":"image\/jpeg","source_url":"https:\/\/hebdo24.com\/wp-content\/uploads\/2025\/04\/Alix-Didier-Fils-Aime-en-larmes-pour-la-Republique-dominicaine-mais-incapable-de-reconnaitre-la-gravite-de-la-situation-nationale-360x504.jpeg"},"jnews-75x75":{"file":"Alix-Didier-Fils-Aime-en-larmes-pour-la-Republique-dominicaine-mais-incapable-de-reconnaitre-la-gravite-de-la-situation-nationale-75x75.jpeg","width":75,"height":75,"filesize":2988,"mime_type":"image\/jpeg","source_url":"https:\/\/hebdo24.com\/wp-content\/uploads\/2025\/04\/Alix-Didier-Fils-Aime-en-larmes-pour-la-Republique-dominicaine-mais-incapable-de-reconnaitre-la-gravite-de-la-situation-nationale-75x75.jpeg"},"jnews-350x350":{"file":"Alix-Didier-Fils-Aime-en-larmes-pour-la-Republique-dominicaine-mais-incapable-de-reconnaitre-la-gravite-de-la-situation-nationale-350x350.jpeg","width":350,"height":350,"filesize":18527,"mime_type":"image\/jpeg","source_url":"https:\/\/hebdo24.com\/wp-content\/uploads\/2025\/04\/Alix-Didier-Fils-Aime-en-larmes-pour-la-Republique-dominicaine-mais-incapable-de-reconnaitre-la-gravite-de-la-situation-nationale-350x350.jpeg"},"jnews-featured-750":{"file":"Alix-Didier-Fils-Aime-en-larmes-pour-la-Republique-dominicaine-mais-incapable-de-reconnaitre-la-gravite-de-la-situation-nationale-750x500.jpeg","width":750,"height":500,"filesize":39434,"mime_type":"image\/jpeg","source_url":"https:\/\/hebdo24.com\/wp-content\/uploads\/2025\/04\/Alix-Didier-Fils-Aime-en-larmes-pour-la-Republique-dominicaine-mais-incapable-de-reconnaitre-la-gravite-de-la-situation-nationale-750x500.jpeg"},"full":{"file":"Alix-Didier-Fils-Aime-en-larmes-pour-la-Republique-dominicaine-mais-incapable-de-reconnaitre-la-gravite-de-la-situation-nationale.JPEG","width":1000,"height":666,"mime_type":"image\/jpeg","source_url":"https:\/\/hebdo24.com\/wp-content\/uploads\/2025\/04\/Alix-Didier-Fils-Aime-en-larmes-pour-la-Republique-dominicaine-mais-incapable-de-reconnaitre-la-gravite-de-la-situation-nationale.JPEG"}},"image_meta":{"aperture":"0","credit":"phanordcbae","camera":"","caption":"","created_timestamp":"1744369993","copyright":"","focal_length":"0","iso":"0","shutter_speed":"0","title":"","orientation":"1","keywords":[]}},"post":null,"source_url":"https:\/\/hebdo24.com\/wp-content\/uploads\/2025\/04\/Alix-Didier-Fils-Aime-en-larmes-pour-la-Republique-dominicaine-mais-incapable-de-reconnaitre-la-gravite-de-la-situation-nationale.JPEG","_links":{"self":[{"href":"https:\/\/hebdo24.com\/es\/wp-json\/wp\/v2\/media\/21774","targetHints":{"allow":["GET"]}}],"collection":[{"href":"https:\/\/hebdo24.com\/es\/wp-json\/wp\/v2\/media"}],"about":[{"href":"https:\/\/hebdo24.com\/es\/wp-json\/wp\/v2\/types\/attachment"}],"author":[{"embeddable":true,"href":"https:\/\/hebdo24.com\/es\/wp-json\/wp\/v2\/users\/31"}],"replies":[{"embeddable":true,"href":"https:\/\/hebdo24.com\/es\/wp-json\/wp\/v2\/comments?post=21774"}]}}

Alix Didier Fils Aime en larmes pour la République dominicaine mais incapable de reconnaître la gravité de la situation nationale
