{"id":21749,"date":"2025-04-07T07:23:59","date_gmt":"2025-04-07T11:23:59","guid":{"rendered":"https:\/\/hebdo24.com\/wp-content\/uploads\/2025\/04\/Luis-Abinader-a-annonce-une-serie-de-15-mesures-pour-renforcer-le-controle-migratoire.JPEG"},"modified":"2025-04-07T07:23:59","modified_gmt":"2025-04-07T11:23:59","slug":"luis-abinader-a-annonce-une-serie-de-15-mesures-pour-renforcer-le-controle-migratoire-3","status":"inherit","type":"attachment","link":"https:\/\/hebdo24.com\/en\/luis-abinader-a-annonce-une-serie-de-15-mesures-pour-renforcer-le-controle-migratoire-3\/","title":{"rendered":"Luis Abinader a annonc\u00e9 une s\u00e9rie de 15 mesures pour renforcer le contr\u00f4le migratoire"},"author":31,"featured_media":0,"comment_status":"open","ping_status":"closed","template":"","meta":[],"class_list":["post-21749","attachment","type-attachment","status-inherit"],"description":{"rendered":"<p class=\"attachment\"><a href='https:\/\/hebdo24.com\/wp-content\/uploads\/2025\/04\/Luis-Abinader-a-annonce-une-serie-de-15-mesures-pour-renforcer-le-controle-migratoire.JPEG'><img loading=\"lazy\" decoding=\"async\" width=\"300\" height=\"205\" src=\"https:\/\/hebdo24.com\/wp-content\/uploads\/2025\/04\/Luis-Abinader-a-annonce-une-serie-de-15-mesures-pour-renforcer-le-controle-migratoire-300x205.jpeg\" class=\"attachment-medium size-medium\" alt=\"\" srcset=\"https:\/\/hebdo24.com\/wp-content\/uploads\/2025\/04\/Luis-Abinader-a-annonce-une-serie-de-15-mesures-pour-renforcer-le-controle-migratoire-300x205.jpeg 300w, https:\/\/hebdo24.com\/wp-content\/uploads\/2025\/04\/Luis-Abinader-a-annonce-une-serie-de-15-mesures-pour-renforcer-le-controle-migratoire-768x525.jpeg 768w, https:\/\/hebdo24.com\/wp-content\/uploads\/2025\/04\/Luis-Abinader-a-annonce-une-serie-de-15-mesures-pour-renforcer-le-controle-migratoire-750x513.jpeg 750w, https:\/\/hebdo24.com\/wp-content\/uploads\/2025\/04\/Luis-Abinader-a-annonce-une-serie-de-15-mesures-pour-renforcer-le-controle-migratoire.JPEG 1000w\" sizes=\"auto, (max-width: 300px) 100vw, 300px\" \/><\/a><\/p>\n<p>#image_title<\/p>\n"},"caption":{"rendered":"<p>#image_title<\/p>\n"},"alt_text":"","media_type":"image","mime_type":"image\/jpeg","media_details":{"width":1000,"height":684,"file":"2025\/04\/Luis-Abinader-a-annonce-une-serie-de-15-mesures-pour-renforcer-le-controle-migratoire.JPEG","filesize":143564,"sizes":{"medium":{"file":"Luis-Abinader-a-annonce-une-serie-de-15-mesures-pour-renforcer-le-controle-migratoire-300x205.jpeg","width":300,"height":205,"filesize":16225,"mime_type":"image\/jpeg","source_url":"https:\/\/hebdo24.com\/wp-content\/uploads\/2025\/04\/Luis-Abinader-a-annonce-une-serie-de-15-mesures-pour-renforcer-le-controle-migratoire-300x205.jpeg"},"thumbnail":{"file":"Luis-Abinader-a-annonce-une-serie-de-15-mesures-pour-renforcer-le-controle-migratoire-150x150.jpeg","width":150,"height":150,"filesize":8193,"mime_type":"image\/jpeg","source_url":"https:\/\/hebdo24.com\/wp-content\/uploads\/2025\/04\/Luis-Abinader-a-annonce-une-serie-de-15-mesures-pour-renforcer-le-controle-migratoire-150x150.jpeg"},"medium_large":{"file":"Luis-Abinader-a-annonce-une-serie-de-15-mesures-pour-renforcer-le-controle-migratoire-768x525.jpeg","width":768,"height":525,"filesize":60403,"mime_type":"image\/jpeg","source_url":"https:\/\/hebdo24.com\/wp-content\/uploads\/2025\/04\/Luis-Abinader-a-annonce-une-serie-de-15-mesures-pour-renforcer-le-controle-migratoire-768x525.jpeg"},"jnews-360x180":{"file":"Luis-Abinader-a-annonce-une-serie-de-15-mesures-pour-renforcer-le-controle-migratoire-360x180.jpeg","width":360,"height":180,"filesize":16070,"mime_type":"image\/jpeg","source_url":"https:\/\/hebdo24.com\/wp-content\/uploads\/2025\/04\/Luis-Abinader-a-annonce-une-serie-de-15-mesures-pour-renforcer-le-controle-migratoire-360x180.jpeg"},"jnews-750x375":{"file":"Luis-Abinader-a-annonce-une-serie-de-15-mesures-pour-renforcer-le-controle-migratoire-750x375.jpeg","width":750,"height":375,"filesize":44555,"mime_type":"image\/jpeg","source_url":"https:\/\/hebdo24.com\/wp-content\/uploads\/2025\/04\/Luis-Abinader-a-annonce-une-serie-de-15-mesures-pour-renforcer-le-controle-migratoire-750x375.jpeg"},"jnews-1140x570":{"file":"Luis-Abinader-a-annonce-une-serie-de-15-mesures-pour-renforcer-le-controle-migratoire-1000x570.jpeg","width":1000,"height":570,"filesize":79017,"mime_type":"image\/jpeg","source_url":"https:\/\/hebdo24.com\/wp-content\/uploads\/2025\/04\/Luis-Abinader-a-annonce-une-serie-de-15-mesures-pour-renforcer-le-controle-migratoire-1000x570.jpeg"},"jnews-120x86":{"file":"Luis-Abinader-a-annonce-une-serie-de-15-mesures-pour-renforcer-le-controle-migratoire-120x86.jpeg","width":120,"height":86,"filesize":4959,"mime_type":"image\/jpeg","source_url":"https:\/\/hebdo24.com\/wp-content\/uploads\/2025\/04\/Luis-Abinader-a-annonce-une-serie-de-15-mesures-pour-renforcer-le-controle-migratoire-120x86.jpeg"},"jnews-350x250":{"file":"Luis-Abinader-a-annonce-une-serie-de-15-mesures-pour-renforcer-le-controle-migratoire-350x250.jpeg","width":350,"height":250,"filesize":20530,"mime_type":"image\/jpeg","source_url":"https:\/\/hebdo24.com\/wp-content\/uploads\/2025\/04\/Luis-Abinader-a-annonce-une-serie-de-15-mesures-pour-renforcer-le-controle-migratoire-350x250.jpeg"},"jnews-750x536":{"file":"Luis-Abinader-a-annonce-une-serie-de-15-mesures-pour-renforcer-le-controle-migratoire-750x536.jpeg","width":750,"height":536,"filesize":60075,"mime_type":"image\/jpeg","source_url":"https:\/\/hebdo24.com\/wp-content\/uploads\/2025\/04\/Luis-Abinader-a-annonce-une-serie-de-15-mesures-pour-renforcer-le-controle-migratoire-750x536.jpeg"},"jnews-360x504":{"file":"Luis-Abinader-a-annonce-une-serie-de-15-mesures-pour-renforcer-le-controle-migratoire-360x504.jpeg","width":360,"height":504,"filesize":31205,"mime_type":"image\/jpeg","source_url":"https:\/\/hebdo24.com\/wp-content\/uploads\/2025\/04\/Luis-Abinader-a-annonce-une-serie-de-15-mesures-pour-renforcer-le-controle-migratoire-360x504.jpeg"},"jnews-75x75":{"file":"Luis-Abinader-a-annonce-une-serie-de-15-mesures-pour-renforcer-le-controle-migratoire-75x75.jpeg","width":75,"height":75,"filesize":3682,"mime_type":"image\/jpeg","source_url":"https:\/\/hebdo24.com\/wp-content\/uploads\/2025\/04\/Luis-Abinader-a-annonce-une-serie-de-15-mesures-pour-renforcer-le-controle-migratoire-75x75.jpeg"},"jnews-350x350":{"file":"Luis-Abinader-a-annonce-une-serie-de-15-mesures-pour-renforcer-le-controle-migratoire-350x350.jpeg","width":350,"height":350,"filesize":26085,"mime_type":"image\/jpeg","source_url":"https:\/\/hebdo24.com\/wp-content\/uploads\/2025\/04\/Luis-Abinader-a-annonce-une-serie-de-15-mesures-pour-renforcer-le-controle-migratoire-350x350.jpeg"},"jnews-featured-750":{"file":"Luis-Abinader-a-annonce-une-serie-de-15-mesures-pour-renforcer-le-controle-migratoire-750x513.jpeg","width":750,"height":513,"filesize":58629,"mime_type":"image\/jpeg","source_url":"https:\/\/hebdo24.com\/wp-content\/uploads\/2025\/04\/Luis-Abinader-a-annonce-une-serie-de-15-mesures-pour-renforcer-le-controle-migratoire-750x513.jpeg"},"full":{"file":"Luis-Abinader-a-annonce-une-serie-de-15-mesures-pour-renforcer-le-controle-migratoire.JPEG","width":1000,"height":684,"mime_type":"image\/jpeg","source_url":"https:\/\/hebdo24.com\/wp-content\/uploads\/2025\/04\/Luis-Abinader-a-annonce-une-serie-de-15-mesures-pour-renforcer-le-controle-migratoire.JPEG"}},"image_meta":{"aperture":"0","credit":"phanordcbae","camera":"","caption":"","created_timestamp":"","copyright":"","focal_length":"0","iso":"0","shutter_speed":"0","title":"","orientation":"1","keywords":[]}},"post":null,"source_url":"https:\/\/hebdo24.com\/wp-content\/uploads\/2025\/04\/Luis-Abinader-a-annonce-une-serie-de-15-mesures-pour-renforcer-le-controle-migratoire.JPEG","_links":{"self":[{"href":"https:\/\/hebdo24.com\/en\/wp-json\/wp\/v2\/media\/21749","targetHints":{"allow":["GET"]}}],"collection":[{"href":"https:\/\/hebdo24.com\/en\/wp-json\/wp\/v2\/media"}],"about":[{"href":"https:\/\/hebdo24.com\/en\/wp-json\/wp\/v2\/types\/attachment"}],"author":[{"embeddable":true,"href":"https:\/\/hebdo24.com\/en\/wp-json\/wp\/v2\/users\/31"}],"replies":[{"embeddable":true,"href":"https:\/\/hebdo24.com\/en\/wp-json\/wp\/v2\/comments?post=21749"}]}}

Luis Abinader a annoncé une série de 15 mesures pour renforcer le contrôle migratoire
