{"id":21725,"date":"2025-04-02T17:20:17","date_gmt":"2025-04-02T21:20:17","guid":{"rendered":"https:\/\/hebdo24.com\/wp-content\/uploads\/2025\/04\/Quand-lancien-senateur-Willot-Joseph-se-pose-en-Grand-defenseur-des-gangs-armes.jpg"},"modified":"2025-04-02T17:20:17","modified_gmt":"2025-04-02T21:20:17","slug":"quand-lancien-senateur-willot-joseph-se-pose-en-grand-defenseur-des-gangs-armes-2-3","status":"inherit","type":"attachment","link":"https:\/\/hebdo24.com\/en\/quand-lancien-senateur-willot-joseph-se-pose-en-grand-defenseur-des-gangs-armes-2-3\/","title":{"rendered":"Quand lancien s\u00e9nateur Willot Joseph se pose en Grand d\u00e9fenseur des gangs arm\u00e9s"},"author":31,"featured_media":0,"comment_status":"open","ping_status":"closed","template":"","meta":[],"class_list":["post-21725","attachment","type-attachment","status-inherit"],"description":{"rendered":"<p class=\"attachment\"><a href='https:\/\/hebdo24.com\/wp-content\/uploads\/2025\/04\/Quand-lancien-senateur-Willot-Joseph-se-pose-en-Grand-defenseur-des-gangs-armes.jpg'><img loading=\"lazy\" decoding=\"async\" width=\"300\" height=\"265\" src=\"https:\/\/hebdo24.com\/wp-content\/uploads\/2025\/04\/Quand-lancien-senateur-Willot-Joseph-se-pose-en-Grand-defenseur-des-gangs-armes-300x265.jpg\" class=\"attachment-medium size-medium\" alt=\"\" srcset=\"https:\/\/hebdo24.com\/wp-content\/uploads\/2025\/04\/Quand-lancien-senateur-Willot-Joseph-se-pose-en-Grand-defenseur-des-gangs-armes-300x265.jpg 300w, https:\/\/hebdo24.com\/wp-content\/uploads\/2025\/04\/Quand-lancien-senateur-Willot-Joseph-se-pose-en-Grand-defenseur-des-gangs-armes-1024x905.jpg 1024w, https:\/\/hebdo24.com\/wp-content\/uploads\/2025\/04\/Quand-lancien-senateur-Willot-Joseph-se-pose-en-Grand-defenseur-des-gangs-armes-768x679.jpg 768w, https:\/\/hebdo24.com\/wp-content\/uploads\/2025\/04\/Quand-lancien-senateur-Willot-Joseph-se-pose-en-Grand-defenseur-des-gangs-armes-750x663.jpg 750w, https:\/\/hebdo24.com\/wp-content\/uploads\/2025\/04\/Quand-lancien-senateur-Willot-Joseph-se-pose-en-Grand-defenseur-des-gangs-armes-1140x1007.jpg 1140w, https:\/\/hebdo24.com\/wp-content\/uploads\/2025\/04\/Quand-lancien-senateur-Willot-Joseph-se-pose-en-Grand-defenseur-des-gangs-armes.jpg 1290w\" sizes=\"auto, (max-width: 300px) 100vw, 300px\" \/><\/a><\/p>\n"},"caption":{"rendered":""},"alt_text":"","media_type":"image","mime_type":"image\/jpeg","media_details":{"width":1290,"height":1140,"file":"2025\/04\/Quand-lancien-senateur-Willot-Joseph-se-pose-en-Grand-defenseur-des-gangs-armes.jpg","filesize":73530,"sizes":{"medium":{"file":"Quand-lancien-senateur-Willot-Joseph-se-pose-en-Grand-defenseur-des-gangs-armes-300x265.jpg","width":300,"height":265,"filesize":10713,"mime_type":"image\/jpeg","source_url":"https:\/\/hebdo24.com\/wp-content\/uploads\/2025\/04\/Quand-lancien-senateur-Willot-Joseph-se-pose-en-Grand-defenseur-des-gangs-armes-300x265.jpg"},"large":{"file":"Quand-lancien-senateur-Willot-Joseph-se-pose-en-Grand-defenseur-des-gangs-armes-1024x905.jpg","width":1024,"height":905,"filesize":68391,"mime_type":"image\/jpeg","source_url":"https:\/\/hebdo24.com\/wp-content\/uploads\/2025\/04\/Quand-lancien-senateur-Willot-Joseph-se-pose-en-Grand-defenseur-des-gangs-armes-1024x905.jpg"},"thumbnail":{"file":"Quand-lancien-senateur-Willot-Joseph-se-pose-en-Grand-defenseur-des-gangs-armes-150x150.jpg","width":150,"height":150,"filesize":4259,"mime_type":"image\/jpeg","source_url":"https:\/\/hebdo24.com\/wp-content\/uploads\/2025\/04\/Quand-lancien-senateur-Willot-Joseph-se-pose-en-Grand-defenseur-des-gangs-armes-150x150.jpg"},"medium_large":{"file":"Quand-lancien-senateur-Willot-Joseph-se-pose-en-Grand-defenseur-des-gangs-armes-768x679.jpg","width":768,"height":679,"filesize":45107,"mime_type":"image\/jpeg","source_url":"https:\/\/hebdo24.com\/wp-content\/uploads\/2025\/04\/Quand-lancien-senateur-Willot-Joseph-se-pose-en-Grand-defenseur-des-gangs-armes-768x679.jpg"},"jnews-360x180":{"file":"Quand-lancien-senateur-Willot-Joseph-se-pose-en-Grand-defenseur-des-gangs-armes-360x180.jpg","width":360,"height":180,"filesize":8784,"mime_type":"image\/jpeg","source_url":"https:\/\/hebdo24.com\/wp-content\/uploads\/2025\/04\/Quand-lancien-senateur-Willot-Joseph-se-pose-en-Grand-defenseur-des-gangs-armes-360x180.jpg"},"jnews-750x375":{"file":"Quand-lancien-senateur-Willot-Joseph-se-pose-en-Grand-defenseur-des-gangs-armes-750x375.jpg","width":750,"height":375,"filesize":26462,"mime_type":"image\/jpeg","source_url":"https:\/\/hebdo24.com\/wp-content\/uploads\/2025\/04\/Quand-lancien-senateur-Willot-Joseph-se-pose-en-Grand-defenseur-des-gangs-armes-750x375.jpg"},"jnews-1140x570":{"file":"Quand-lancien-senateur-Willot-Joseph-se-pose-en-Grand-defenseur-des-gangs-armes-1140x570.jpg","width":1140,"height":570,"filesize":48404,"mime_type":"image\/jpeg","source_url":"https:\/\/hebdo24.com\/wp-content\/uploads\/2025\/04\/Quand-lancien-senateur-Willot-Joseph-se-pose-en-Grand-defenseur-des-gangs-armes-1140x570.jpg"},"jnews-120x86":{"file":"Quand-lancien-senateur-Willot-Joseph-se-pose-en-Grand-defenseur-des-gangs-armes-120x86.jpg","width":120,"height":86,"filesize":2514,"mime_type":"image\/jpeg","source_url":"https:\/\/hebdo24.com\/wp-content\/uploads\/2025\/04\/Quand-lancien-senateur-Willot-Joseph-se-pose-en-Grand-defenseur-des-gangs-armes-120x86.jpg"},"jnews-350x250":{"file":"Quand-lancien-senateur-Willot-Joseph-se-pose-en-Grand-defenseur-des-gangs-armes-350x250.jpg","width":350,"height":250,"filesize":11565,"mime_type":"image\/jpeg","source_url":"https:\/\/hebdo24.com\/wp-content\/uploads\/2025\/04\/Quand-lancien-senateur-Willot-Joseph-se-pose-en-Grand-defenseur-des-gangs-armes-350x250.jpg"},"jnews-750x536":{"file":"Quand-lancien-senateur-Willot-Joseph-se-pose-en-Grand-defenseur-des-gangs-armes-750x536.jpg","width":750,"height":536,"filesize":36789,"mime_type":"image\/jpeg","source_url":"https:\/\/hebdo24.com\/wp-content\/uploads\/2025\/04\/Quand-lancien-senateur-Willot-Joseph-se-pose-en-Grand-defenseur-des-gangs-armes-750x536.jpg"},"jnews-1140x815":{"file":"Quand-lancien-senateur-Willot-Joseph-se-pose-en-Grand-defenseur-des-gangs-armes-1140x815.jpg","width":1140,"height":815,"filesize":67271,"mime_type":"image\/jpeg","source_url":"https:\/\/hebdo24.com\/wp-content\/uploads\/2025\/04\/Quand-lancien-senateur-Willot-Joseph-se-pose-en-Grand-defenseur-des-gangs-armes-1140x815.jpg"},"jnews-360x504":{"file":"Quand-lancien-senateur-Willot-Joseph-se-pose-en-Grand-defenseur-des-gangs-armes-360x504.jpg","width":360,"height":504,"filesize":21387,"mime_type":"image\/jpeg","source_url":"https:\/\/hebdo24.com\/wp-content\/uploads\/2025\/04\/Quand-lancien-senateur-Willot-Joseph-se-pose-en-Grand-defenseur-des-gangs-armes-360x504.jpg"},"jnews-75x75":{"file":"Quand-lancien-senateur-Willot-Joseph-se-pose-en-Grand-defenseur-des-gangs-armes-75x75.jpg","width":75,"height":75,"filesize":1733,"mime_type":"image\/jpeg","source_url":"https:\/\/hebdo24.com\/wp-content\/uploads\/2025\/04\/Quand-lancien-senateur-Willot-Joseph-se-pose-en-Grand-defenseur-des-gangs-armes-75x75.jpg"},"jnews-350x350":{"file":"Quand-lancien-senateur-Willot-Joseph-se-pose-en-Grand-defenseur-des-gangs-armes-350x350.jpg","width":350,"height":350,"filesize":14975,"mime_type":"image\/jpeg","source_url":"https:\/\/hebdo24.com\/wp-content\/uploads\/2025\/04\/Quand-lancien-senateur-Willot-Joseph-se-pose-en-Grand-defenseur-des-gangs-armes-350x350.jpg"},"jnews-featured-750":{"file":"Quand-lancien-senateur-Willot-Joseph-se-pose-en-Grand-defenseur-des-gangs-armes-750x663.jpg","width":750,"height":663,"filesize":43405,"mime_type":"image\/jpeg","source_url":"https:\/\/hebdo24.com\/wp-content\/uploads\/2025\/04\/Quand-lancien-senateur-Willot-Joseph-se-pose-en-Grand-defenseur-des-gangs-armes-750x663.jpg"},"jnews-featured-1140":{"file":"Quand-lancien-senateur-Willot-Joseph-se-pose-en-Grand-defenseur-des-gangs-armes-1140x1007.jpg","width":1140,"height":1007,"filesize":79562,"mime_type":"image\/jpeg","source_url":"https:\/\/hebdo24.com\/wp-content\/uploads\/2025\/04\/Quand-lancien-senateur-Willot-Joseph-se-pose-en-Grand-defenseur-des-gangs-armes-1140x1007.jpg"},"full":{"file":"Quand-lancien-senateur-Willot-Joseph-se-pose-en-Grand-defenseur-des-gangs-armes.jpg","width":1290,"height":1140,"mime_type":"image\/jpeg","source_url":"https:\/\/hebdo24.com\/wp-content\/uploads\/2025\/04\/Quand-lancien-senateur-Willot-Joseph-se-pose-en-Grand-defenseur-des-gangs-armes.jpg"}},"image_meta":{"aperture":"0","credit":"","camera":"","caption":"","created_timestamp":"0","copyright":"","focal_length":"0","iso":"0","shutter_speed":"0","title":"","orientation":"0","keywords":[]}},"post":null,"source_url":"https:\/\/hebdo24.com\/wp-content\/uploads\/2025\/04\/Quand-lancien-senateur-Willot-Joseph-se-pose-en-Grand-defenseur-des-gangs-armes.jpg","_links":{"self":[{"href":"https:\/\/hebdo24.com\/en\/wp-json\/wp\/v2\/media\/21725","targetHints":{"allow":["GET"]}}],"collection":[{"href":"https:\/\/hebdo24.com\/en\/wp-json\/wp\/v2\/media"}],"about":[{"href":"https:\/\/hebdo24.com\/en\/wp-json\/wp\/v2\/types\/attachment"}],"author":[{"embeddable":true,"href":"https:\/\/hebdo24.com\/en\/wp-json\/wp\/v2\/users\/31"}],"replies":[{"embeddable":true,"href":"https:\/\/hebdo24.com\/en\/wp-json\/wp\/v2\/comments?post=21725"}]}}

Quand lancien sénateur Willot Joseph se pose en Grand défenseur des gangs armés
