{"id":21101,"date":"2024-11-11T18:21:26","date_gmt":"2024-11-11T23:21:26","guid":{"rendered":"https:\/\/hebdo24.com\/wp-content\/uploads\/2024\/11\/Installe-comme-Premier-ministre-Alix-Didier-Fils-Aime-sort-deja-sa-boite-a-promesses-.jpeg"},"modified":"2024-11-11T18:21:26","modified_gmt":"2024-11-11T23:21:26","slug":"installe-comme-premier-ministre-alix-didier-fils-aime-sort-deja-sa-boite-a-promesses-3","status":"inherit","type":"attachment","link":"https:\/\/hebdo24.com\/en\/installe-comme-premier-ministre-alix-didier-fils-aime-sort-deja-sa-boite-a-promesses-3\/","title":{"rendered":"Install\u00e9 comme Premier ministre, Alix Didier Fils-Aim\u00e9 sort d\u00e9j\u00e0 sa bo\u00eete \u00e0 promesses"},"author":31,"featured_media":0,"comment_status":"open","ping_status":"closed","template":"","meta":[],"class_list":["post-21101","attachment","type-attachment","status-inherit"],"description":{"rendered":"<p class=\"attachment\"><a href='https:\/\/hebdo24.com\/wp-content\/uploads\/2024\/11\/Installe-comme-Premier-ministre-Alix-Didier-Fils-Aime-sort-deja-sa-boite-a-promesses-.jpeg'><img loading=\"lazy\" decoding=\"async\" width=\"300\" height=\"200\" src=\"https:\/\/hebdo24.com\/wp-content\/uploads\/2024\/11\/Installe-comme-Premier-ministre-Alix-Didier-Fils-Aime-sort-deja-sa-boite-a-promesses--300x200.jpeg\" class=\"attachment-medium size-medium\" alt=\"\" srcset=\"https:\/\/hebdo24.com\/wp-content\/uploads\/2024\/11\/Installe-comme-Premier-ministre-Alix-Didier-Fils-Aime-sort-deja-sa-boite-a-promesses--300x200.jpeg 300w, https:\/\/hebdo24.com\/wp-content\/uploads\/2024\/11\/Installe-comme-Premier-ministre-Alix-Didier-Fils-Aime-sort-deja-sa-boite-a-promesses--768x511.jpeg 768w, https:\/\/hebdo24.com\/wp-content\/uploads\/2024\/11\/Installe-comme-Premier-ministre-Alix-Didier-Fils-Aime-sort-deja-sa-boite-a-promesses--750x500.jpeg 750w, https:\/\/hebdo24.com\/wp-content\/uploads\/2024\/11\/Installe-comme-Premier-ministre-Alix-Didier-Fils-Aime-sort-deja-sa-boite-a-promesses-.jpeg 1000w\" sizes=\"auto, (max-width: 300px) 100vw, 300px\" \/><\/a><\/p>\n<p>Install\u00e9 comme Premier ministre, Alix Didier Fils-Aim\u00e9 sort d\u00e9j\u00e0 sa bo\u00eete \u00e0 promesses <\/p>\n"},"caption":{"rendered":"<p>Install\u00e9 comme Premier ministre, Alix Didier Fils-Aim\u00e9 sort d\u00e9j\u00e0 sa bo\u00eete \u00e0 promesses<\/p>\n"},"alt_text":"","media_type":"image","mime_type":"image\/jpeg","media_details":{"width":1000,"height":666,"file":"2024\/11\/Installe-comme-Premier-ministre-Alix-Didier-Fils-Aime-sort-deja-sa-boite-a-promesses-.jpeg","filesize":58202,"sizes":{"medium":{"file":"Installe-comme-Premier-ministre-Alix-Didier-Fils-Aime-sort-deja-sa-boite-a-promesses--300x200.jpeg","width":300,"height":200,"filesize":11911,"mime_type":"image\/jpeg","source_url":"https:\/\/hebdo24.com\/wp-content\/uploads\/2024\/11\/Installe-comme-Premier-ministre-Alix-Didier-Fils-Aime-sort-deja-sa-boite-a-promesses--300x200.jpeg"},"thumbnail":{"file":"Installe-comme-Premier-ministre-Alix-Didier-Fils-Aime-sort-deja-sa-boite-a-promesses--150x150.jpeg","width":150,"height":150,"filesize":5585,"mime_type":"image\/jpeg","source_url":"https:\/\/hebdo24.com\/wp-content\/uploads\/2024\/11\/Installe-comme-Premier-ministre-Alix-Didier-Fils-Aime-sort-deja-sa-boite-a-promesses--150x150.jpeg"},"medium_large":{"file":"Installe-comme-Premier-ministre-Alix-Didier-Fils-Aime-sort-deja-sa-boite-a-promesses--768x511.jpeg","width":768,"height":511,"filesize":46516,"mime_type":"image\/jpeg","source_url":"https:\/\/hebdo24.com\/wp-content\/uploads\/2024\/11\/Installe-comme-Premier-ministre-Alix-Didier-Fils-Aime-sort-deja-sa-boite-a-promesses--768x511.jpeg"},"jnews-360x180":{"file":"Installe-comme-Premier-ministre-Alix-Didier-Fils-Aime-sort-deja-sa-boite-a-promesses--360x180.jpeg","width":360,"height":180,"filesize":12303,"mime_type":"image\/jpeg","source_url":"https:\/\/hebdo24.com\/wp-content\/uploads\/2024\/11\/Installe-comme-Premier-ministre-Alix-Didier-Fils-Aime-sort-deja-sa-boite-a-promesses--360x180.jpeg"},"jnews-750x375":{"file":"Installe-comme-Premier-ministre-Alix-Didier-Fils-Aime-sort-deja-sa-boite-a-promesses--750x375.jpeg","width":750,"height":375,"filesize":34921,"mime_type":"image\/jpeg","source_url":"https:\/\/hebdo24.com\/wp-content\/uploads\/2024\/11\/Installe-comme-Premier-ministre-Alix-Didier-Fils-Aime-sort-deja-sa-boite-a-promesses--750x375.jpeg"},"jnews-1140x570":{"file":"Installe-comme-Premier-ministre-Alix-Didier-Fils-Aime-sort-deja-sa-boite-a-promesses--1000x570.jpeg","width":1000,"height":570,"filesize":53224,"mime_type":"image\/jpeg","source_url":"https:\/\/hebdo24.com\/wp-content\/uploads\/2024\/11\/Installe-comme-Premier-ministre-Alix-Didier-Fils-Aime-sort-deja-sa-boite-a-promesses--1000x570.jpeg"},"jnews-120x86":{"file":"Installe-comme-Premier-ministre-Alix-Didier-Fils-Aime-sort-deja-sa-boite-a-promesses--120x86.jpeg","width":120,"height":86,"filesize":3274,"mime_type":"image\/jpeg","source_url":"https:\/\/hebdo24.com\/wp-content\/uploads\/2024\/11\/Installe-comme-Premier-ministre-Alix-Didier-Fils-Aime-sort-deja-sa-boite-a-promesses--120x86.jpeg"},"jnews-350x250":{"file":"Installe-comme-Premier-ministre-Alix-Didier-Fils-Aime-sort-deja-sa-boite-a-promesses--350x250.jpeg","width":350,"height":250,"filesize":15529,"mime_type":"image\/jpeg","source_url":"https:\/\/hebdo24.com\/wp-content\/uploads\/2024\/11\/Installe-comme-Premier-ministre-Alix-Didier-Fils-Aime-sort-deja-sa-boite-a-promesses--350x250.jpeg"},"jnews-750x536":{"file":"Installe-comme-Premier-ministre-Alix-Didier-Fils-Aime-sort-deja-sa-boite-a-promesses--750x536.jpeg","width":750,"height":536,"filesize":46754,"mime_type":"image\/jpeg","source_url":"https:\/\/hebdo24.com\/wp-content\/uploads\/2024\/11\/Installe-comme-Premier-ministre-Alix-Didier-Fils-Aime-sort-deja-sa-boite-a-promesses--750x536.jpeg"},"jnews-360x504":{"file":"Installe-comme-Premier-ministre-Alix-Didier-Fils-Aime-sort-deja-sa-boite-a-promesses--360x504.jpeg","width":360,"height":504,"filesize":23737,"mime_type":"image\/jpeg","source_url":"https:\/\/hebdo24.com\/wp-content\/uploads\/2024\/11\/Installe-comme-Premier-ministre-Alix-Didier-Fils-Aime-sort-deja-sa-boite-a-promesses--360x504.jpeg"},"jnews-75x75":{"file":"Installe-comme-Premier-ministre-Alix-Didier-Fils-Aime-sort-deja-sa-boite-a-promesses--75x75.jpeg","width":75,"height":75,"filesize":2155,"mime_type":"image\/jpeg","source_url":"https:\/\/hebdo24.com\/wp-content\/uploads\/2024\/11\/Installe-comme-Premier-ministre-Alix-Didier-Fils-Aime-sort-deja-sa-boite-a-promesses--75x75.jpeg"},"jnews-350x350":{"file":"Installe-comme-Premier-ministre-Alix-Didier-Fils-Aime-sort-deja-sa-boite-a-promesses--350x350.jpeg","width":350,"height":350,"filesize":19035,"mime_type":"image\/jpeg","source_url":"https:\/\/hebdo24.com\/wp-content\/uploads\/2024\/11\/Installe-comme-Premier-ministre-Alix-Didier-Fils-Aime-sort-deja-sa-boite-a-promesses--350x350.jpeg"},"jnews-featured-750":{"file":"Installe-comme-Premier-ministre-Alix-Didier-Fils-Aime-sort-deja-sa-boite-a-promesses--750x500.jpeg","width":750,"height":500,"filesize":45502,"mime_type":"image\/jpeg","source_url":"https:\/\/hebdo24.com\/wp-content\/uploads\/2024\/11\/Installe-comme-Premier-ministre-Alix-Didier-Fils-Aime-sort-deja-sa-boite-a-promesses--750x500.jpeg"},"full":{"file":"Installe-comme-Premier-ministre-Alix-Didier-Fils-Aime-sort-deja-sa-boite-a-promesses-.jpeg","width":1000,"height":666,"mime_type":"image\/jpeg","source_url":"https:\/\/hebdo24.com\/wp-content\/uploads\/2024\/11\/Installe-comme-Premier-ministre-Alix-Didier-Fils-Aime-sort-deja-sa-boite-a-promesses-.jpeg"}},"image_meta":{"aperture":"0","credit":"","camera":"","caption":"","created_timestamp":"0","copyright":"","focal_length":"0","iso":"0","shutter_speed":"0","title":"","orientation":"0","keywords":[]}},"post":null,"source_url":"https:\/\/hebdo24.com\/wp-content\/uploads\/2024\/11\/Installe-comme-Premier-ministre-Alix-Didier-Fils-Aime-sort-deja-sa-boite-a-promesses-.jpeg","_links":{"self":[{"href":"https:\/\/hebdo24.com\/en\/wp-json\/wp\/v2\/media\/21101","targetHints":{"allow":["GET"]}}],"collection":[{"href":"https:\/\/hebdo24.com\/en\/wp-json\/wp\/v2\/media"}],"about":[{"href":"https:\/\/hebdo24.com\/en\/wp-json\/wp\/v2\/types\/attachment"}],"author":[{"embeddable":true,"href":"https:\/\/hebdo24.com\/en\/wp-json\/wp\/v2\/users\/31"}],"replies":[{"embeddable":true,"href":"https:\/\/hebdo24.com\/en\/wp-json\/wp\/v2\/comments?post=21101"}]}}

Installé comme Premier ministre, Alix Didier Fils-Aimé sort déjà sa boîte à promesses

<p class="attachment"><a href='https://hebdo24.com/wp-content/uploads/2024/11/Installe-comme-Premier-ministre-Alix-Didier-Fils-Aime-sort-deja-sa-boite-a-promesses-.jpeg'><img loading="lazy" decoding="async" width="300" height="200" src="https://hebdo24.com/wp-content/uploads/2024/11/Installe-comme-Premier-ministre-Alix-Didier-Fils-Aime-sort-deja-sa-boite-a-promesses--300x200.jpeg" class="attachment-medium size-medium" alt="" srcset="https://hebdo24.com/wp-content/uploads/2024/11/Installe-comme-Premier-ministre-Alix-Didier-Fils-Aime-sort-deja-sa-boite-a-promesses--300x200.jpeg 300w, https://hebdo24.com/wp-content/uploads/2024/11/Installe-comme-Premier-ministre-Alix-Didier-Fils-Aime-sort-deja-sa-boite-a-promesses--768x511.jpeg 768w, https://hebdo24.com/wp-content/uploads/2024/11/Installe-comme-Premier-ministre-Alix-Didier-Fils-Aime-sort-deja-sa-boite-a-promesses--750x500.jpeg 750w, https://hebdo24.com/wp-content/uploads/2024/11/Installe-comme-Premier-ministre-Alix-Didier-Fils-Aime-sort-deja-sa-boite-a-promesses-.jpeg 1000w" sizes="auto, (max-width: 300px) 100vw, 300px" /></a></p>
<p>Installé comme Premier ministre, Alix Didier Fils-Aimé sort déjà sa boîte à promesses </p>

<p>Installé comme Premier ministre, Alix Didier Fils-Aimé sort déjà sa boîte à promesses</p>
