{"id":21079,"date":"2024-11-04T21:44:34","date_gmt":"2024-11-05T02:44:34","guid":{"rendered":"https:\/\/hebdo24.com\/wp-content\/uploads\/2024\/11\/Remaniement-ministeriel-Garry-Conille-pose-comme-condition-le-depart-des-Conseillers-presidents-corrompus-.jpeg"},"modified":"2024-11-04T21:44:34","modified_gmt":"2024-11-05T02:44:34","slug":"remaniement-ministeriel-garry-conille-pose-comme-condition-le-depart-des-conseillers-presidents-corrompus-3","status":"inherit","type":"attachment","link":"https:\/\/hebdo24.com\/en\/remaniement-ministeriel-garry-conille-pose-comme-condition-le-depart-des-conseillers-presidents-corrompus-3\/","title":{"rendered":"Remaniement minist\u00e9riel Garry Conille pose comme condition le d\u00e9part des Conseillers-pr\u00e9sidents \u00ab\u00a0corrompus\u00a0\u00bb"},"author":31,"featured_media":0,"comment_status":"open","ping_status":"closed","template":"","meta":[],"class_list":["post-21079","attachment","type-attachment","status-inherit"],"description":{"rendered":"<p class=\"attachment\"><a href='https:\/\/hebdo24.com\/wp-content\/uploads\/2024\/11\/Remaniement-ministeriel-Garry-Conille-pose-comme-condition-le-depart-des-Conseillers-presidents-corrompus-.jpeg'><img loading=\"lazy\" decoding=\"async\" width=\"300\" height=\"200\" src=\"https:\/\/hebdo24.com\/wp-content\/uploads\/2024\/11\/Remaniement-ministeriel-Garry-Conille-pose-comme-condition-le-depart-des-Conseillers-presidents-corrompus--300x200.jpeg\" class=\"attachment-medium size-medium\" alt=\"\" srcset=\"https:\/\/hebdo24.com\/wp-content\/uploads\/2024\/11\/Remaniement-ministeriel-Garry-Conille-pose-comme-condition-le-depart-des-Conseillers-presidents-corrompus--300x200.jpeg 300w, https:\/\/hebdo24.com\/wp-content\/uploads\/2024\/11\/Remaniement-ministeriel-Garry-Conille-pose-comme-condition-le-depart-des-Conseillers-presidents-corrompus--768x511.jpeg 768w, https:\/\/hebdo24.com\/wp-content\/uploads\/2024\/11\/Remaniement-ministeriel-Garry-Conille-pose-comme-condition-le-depart-des-Conseillers-presidents-corrompus--750x500.jpeg 750w, https:\/\/hebdo24.com\/wp-content\/uploads\/2024\/11\/Remaniement-ministeriel-Garry-Conille-pose-comme-condition-le-depart-des-Conseillers-presidents-corrompus-.jpeg 1000w\" sizes=\"auto, (max-width: 300px) 100vw, 300px\" \/><\/a><\/p>\n<p>Remaniement minist\u00e9riel : Garry Conille pose comme condition le d\u00e9part des Conseillers-pr\u00e9sidents \u00ab\u00a0corrompus\u00a0\u00bb<\/p>\n"},"caption":{"rendered":"<p>Remaniement minist\u00e9riel : Garry Conille pose comme condition le d\u00e9part des Conseillers-pr\u00e9sidents \u00ab\u00a0corrompus\u00a0\u00bb<\/p>\n"},"alt_text":"","media_type":"image","mime_type":"image\/jpeg","media_details":{"width":1000,"height":666,"file":"2024\/11\/Remaniement-ministeriel-Garry-Conille-pose-comme-condition-le-depart-des-Conseillers-presidents-corrompus-.jpeg","filesize":45814,"sizes":{"medium":{"file":"Remaniement-ministeriel-Garry-Conille-pose-comme-condition-le-depart-des-Conseillers-presidents-corrompus--300x200.jpeg","width":300,"height":200,"filesize":9881,"mime_type":"image\/jpeg","source_url":"https:\/\/hebdo24.com\/wp-content\/uploads\/2024\/11\/Remaniement-ministeriel-Garry-Conille-pose-comme-condition-le-depart-des-Conseillers-presidents-corrompus--300x200.jpeg"},"thumbnail":{"file":"Remaniement-ministeriel-Garry-Conille-pose-comme-condition-le-depart-des-Conseillers-presidents-corrompus--150x150.jpeg","width":150,"height":150,"filesize":5554,"mime_type":"image\/jpeg","source_url":"https:\/\/hebdo24.com\/wp-content\/uploads\/2024\/11\/Remaniement-ministeriel-Garry-Conille-pose-comme-condition-le-depart-des-Conseillers-presidents-corrompus--150x150.jpeg"},"medium_large":{"file":"Remaniement-ministeriel-Garry-Conille-pose-comme-condition-le-depart-des-Conseillers-presidents-corrompus--768x511.jpeg","width":768,"height":511,"filesize":37058,"mime_type":"image\/jpeg","source_url":"https:\/\/hebdo24.com\/wp-content\/uploads\/2024\/11\/Remaniement-ministeriel-Garry-Conille-pose-comme-condition-le-depart-des-Conseillers-presidents-corrompus--768x511.jpeg"},"jnews-360x180":{"file":"Remaniement-ministeriel-Garry-Conille-pose-comme-condition-le-depart-des-Conseillers-presidents-corrompus--360x180.jpeg","width":360,"height":180,"filesize":9545,"mime_type":"image\/jpeg","source_url":"https:\/\/hebdo24.com\/wp-content\/uploads\/2024\/11\/Remaniement-ministeriel-Garry-Conille-pose-comme-condition-le-depart-des-Conseillers-presidents-corrompus--360x180.jpeg"},"jnews-750x375":{"file":"Remaniement-ministeriel-Garry-Conille-pose-comme-condition-le-depart-des-Conseillers-presidents-corrompus--750x375.jpeg","width":750,"height":375,"filesize":26236,"mime_type":"image\/jpeg","source_url":"https:\/\/hebdo24.com\/wp-content\/uploads\/2024\/11\/Remaniement-ministeriel-Garry-Conille-pose-comme-condition-le-depart-des-Conseillers-presidents-corrompus--750x375.jpeg"},"jnews-1140x570":{"file":"Remaniement-ministeriel-Garry-Conille-pose-comme-condition-le-depart-des-Conseillers-presidents-corrompus--1000x570.jpeg","width":1000,"height":570,"filesize":40304,"mime_type":"image\/jpeg","source_url":"https:\/\/hebdo24.com\/wp-content\/uploads\/2024\/11\/Remaniement-ministeriel-Garry-Conille-pose-comme-condition-le-depart-des-Conseillers-presidents-corrompus--1000x570.jpeg"},"jnews-120x86":{"file":"Remaniement-ministeriel-Garry-Conille-pose-comme-condition-le-depart-des-Conseillers-presidents-corrompus--120x86.jpeg","width":120,"height":86,"filesize":2963,"mime_type":"image\/jpeg","source_url":"https:\/\/hebdo24.com\/wp-content\/uploads\/2024\/11\/Remaniement-ministeriel-Garry-Conille-pose-comme-condition-le-depart-des-Conseillers-presidents-corrompus--120x86.jpeg"},"jnews-350x250":{"file":"Remaniement-ministeriel-Garry-Conille-pose-comme-condition-le-depart-des-Conseillers-presidents-corrompus--350x250.jpeg","width":350,"height":250,"filesize":13092,"mime_type":"image\/jpeg","source_url":"https:\/\/hebdo24.com\/wp-content\/uploads\/2024\/11\/Remaniement-ministeriel-Garry-Conille-pose-comme-condition-le-depart-des-Conseillers-presidents-corrompus--350x250.jpeg"},"jnews-750x536":{"file":"Remaniement-ministeriel-Garry-Conille-pose-comme-condition-le-depart-des-Conseillers-presidents-corrompus--750x536.jpeg","width":750,"height":536,"filesize":38211,"mime_type":"image\/jpeg","source_url":"https:\/\/hebdo24.com\/wp-content\/uploads\/2024\/11\/Remaniement-ministeriel-Garry-Conille-pose-comme-condition-le-depart-des-Conseillers-presidents-corrompus--750x536.jpeg"},"jnews-360x504":{"file":"Remaniement-ministeriel-Garry-Conille-pose-comme-condition-le-depart-des-Conseillers-presidents-corrompus--360x504.jpeg","width":360,"height":504,"filesize":22487,"mime_type":"image\/jpeg","source_url":"https:\/\/hebdo24.com\/wp-content\/uploads\/2024\/11\/Remaniement-ministeriel-Garry-Conille-pose-comme-condition-le-depart-des-Conseillers-presidents-corrompus--360x504.jpeg"},"jnews-75x75":{"file":"Remaniement-ministeriel-Garry-Conille-pose-comme-condition-le-depart-des-Conseillers-presidents-corrompus--75x75.jpeg","width":75,"height":75,"filesize":2189,"mime_type":"image\/jpeg","source_url":"https:\/\/hebdo24.com\/wp-content\/uploads\/2024\/11\/Remaniement-ministeriel-Garry-Conille-pose-comme-condition-le-depart-des-Conseillers-presidents-corrompus--75x75.jpeg"},"jnews-350x350":{"file":"Remaniement-ministeriel-Garry-Conille-pose-comme-condition-le-depart-des-Conseillers-presidents-corrompus--350x350.jpeg","width":350,"height":350,"filesize":18063,"mime_type":"image\/jpeg","source_url":"https:\/\/hebdo24.com\/wp-content\/uploads\/2024\/11\/Remaniement-ministeriel-Garry-Conille-pose-comme-condition-le-depart-des-Conseillers-presidents-corrompus--350x350.jpeg"},"jnews-featured-750":{"file":"Remaniement-ministeriel-Garry-Conille-pose-comme-condition-le-depart-des-Conseillers-presidents-corrompus--750x500.jpeg","width":750,"height":500,"filesize":36334,"mime_type":"image\/jpeg","source_url":"https:\/\/hebdo24.com\/wp-content\/uploads\/2024\/11\/Remaniement-ministeriel-Garry-Conille-pose-comme-condition-le-depart-des-Conseillers-presidents-corrompus--750x500.jpeg"},"full":{"file":"Remaniement-ministeriel-Garry-Conille-pose-comme-condition-le-depart-des-Conseillers-presidents-corrompus-.jpeg","width":1000,"height":666,"mime_type":"image\/jpeg","source_url":"https:\/\/hebdo24.com\/wp-content\/uploads\/2024\/11\/Remaniement-ministeriel-Garry-Conille-pose-comme-condition-le-depart-des-Conseillers-presidents-corrompus-.jpeg"}},"image_meta":{"aperture":"0","credit":"","camera":"","caption":"","created_timestamp":"0","copyright":"","focal_length":"0","iso":"0","shutter_speed":"0","title":"","orientation":"0","keywords":[]}},"post":null,"source_url":"https:\/\/hebdo24.com\/wp-content\/uploads\/2024\/11\/Remaniement-ministeriel-Garry-Conille-pose-comme-condition-le-depart-des-Conseillers-presidents-corrompus-.jpeg","_links":{"self":[{"href":"https:\/\/hebdo24.com\/en\/wp-json\/wp\/v2\/media\/21079","targetHints":{"allow":["GET"]}}],"collection":[{"href":"https:\/\/hebdo24.com\/en\/wp-json\/wp\/v2\/media"}],"about":[{"href":"https:\/\/hebdo24.com\/en\/wp-json\/wp\/v2\/types\/attachment"}],"author":[{"embeddable":true,"href":"https:\/\/hebdo24.com\/en\/wp-json\/wp\/v2\/users\/31"}],"replies":[{"embeddable":true,"href":"https:\/\/hebdo24.com\/en\/wp-json\/wp\/v2\/comments?post=21079"}]}}

Remaniement ministériel Garry Conille pose comme condition le départ des Conseillers-présidents « corrompus »

<p class="attachment"><a href='https://hebdo24.com/wp-content/uploads/2024/11/Remaniement-ministeriel-Garry-Conille-pose-comme-condition-le-depart-des-Conseillers-presidents-corrompus-.jpeg'><img loading="lazy" decoding="async" width="300" height="200" src="https://hebdo24.com/wp-content/uploads/2024/11/Remaniement-ministeriel-Garry-Conille-pose-comme-condition-le-depart-des-Conseillers-presidents-corrompus--300x200.jpeg" class="attachment-medium size-medium" alt="" srcset="https://hebdo24.com/wp-content/uploads/2024/11/Remaniement-ministeriel-Garry-Conille-pose-comme-condition-le-depart-des-Conseillers-presidents-corrompus--300x200.jpeg 300w, https://hebdo24.com/wp-content/uploads/2024/11/Remaniement-ministeriel-Garry-Conille-pose-comme-condition-le-depart-des-Conseillers-presidents-corrompus--768x511.jpeg 768w, https://hebdo24.com/wp-content/uploads/2024/11/Remaniement-ministeriel-Garry-Conille-pose-comme-condition-le-depart-des-Conseillers-presidents-corrompus--750x500.jpeg 750w, https://hebdo24.com/wp-content/uploads/2024/11/Remaniement-ministeriel-Garry-Conille-pose-comme-condition-le-depart-des-Conseillers-presidents-corrompus-.jpeg 1000w" sizes="auto, (max-width: 300px) 100vw, 300px" /></a></p>
<p>Remaniement ministériel : Garry Conille pose comme condition le départ des Conseillers-présidents « corrompus »</p>

<p>Remaniement ministériel : Garry Conille pose comme condition le départ des Conseillers-présidents « corrompus »</p>
